{"id":128,"date":"2024-03-28T17:16:13","date_gmt":"2024-03-28T16:16:13","guid":{"rendered":"https:\/\/marinemorel.com\/?page_id=128"},"modified":"2024-03-31T18:58:08","modified_gmt":"2024-03-31T16:58:08","slug":"la-vie-cest-le-mouvement","status":"publish","type":"page","link":"https:\/\/marinemorel.com\/index.php\/la-vie-cest-le-mouvement\/","title":{"rendered":"La vie, c&rsquo;est le mouvement"},"content":{"rendered":"\n<figure class=\"wp-block-image size-large\"><img loading=\"lazy\" decoding=\"async\" width=\"683\" height=\"1024\" src=\"https:\/\/marinemorel.com\/wp-content\/uploads\/2024\/03\/received_932949064465687-683x1024.jpeg\" alt=\"\" class=\"wp-image-157\" srcset=\"https:\/\/marinemorel.com\/wp-content\/uploads\/2024\/03\/received_932949064465687-683x1024.jpeg 683w, https:\/\/marinemorel.com\/wp-content\/uploads\/2024\/03\/received_932949064465687-200x300.jpeg 200w, https:\/\/marinemorel.com\/wp-content\/uploads\/2024\/03\/received_932949064465687-768x1152.jpeg 768w, https:\/\/marinemorel.com\/wp-content\/uploads\/2024\/03\/received_932949064465687-1024x1536.jpeg 1024w, https:\/\/marinemorel.com\/wp-content\/uploads\/2024\/03\/received_932949064465687-1365x2048.jpeg 1365w, https:\/\/marinemorel.com\/wp-content\/uploads\/2024\/03\/received_932949064465687-scaled.jpeg 1706w\" sizes=\"auto, (max-width: 683px) 100vw, 683px\" \/><\/figure>\n\n\n\n<p>cr\u00e9dit photo Alexandre Lamy<\/p>\n\n\n\n<p class=\"has-x-large-font-size\">C&rsquo;est une phrase que j&rsquo;ai entendue pendant mes \u00e9tudes de chiropracteure et qui m&rsquo;a marqu\u00e9e. <\/p>\n\n\n\n<p class=\"has-x-large-font-size\">C&rsquo;est le mouvement dans une articulation qui la nourrit. Le mouvement des poumons, du coeur, de tous les organes qui fonctionnent de mani\u00e8re autonome les uns avec les autres avec cette symbiose des cellules entre elles: presque magique, magnifique et pourtant tellement vite oubli\u00e9e par la personne elle-m\u00eame.  <\/p>\n\n\n\n<p class=\"has-x-large-font-size\">C&rsquo;est la mise en mouvement des \u00e9l\u00e9ments qui constituent le corps qui lui permet de rester en vie. <\/p>\n\n\n\n<p class=\"has-x-large-font-size\">La mise en mouvement des pens\u00e9es et des petites actions du quotidien qui jalonnent le parcours d&rsquo;\u00e9volution d&rsquo;une personne sur son chemin de vie, de sant\u00e9 et de long\u00e9vit\u00e9. <\/p>\n\n\n\n<p class=\"has-x-large-font-size\">C&rsquo;est la philosophie et le coeur de mes m\u00e9tiers. <\/p>\n\n\n\n<p class=\"has-tertiary-background-color has-background has-x-large-font-size\"><a href=\"https:\/\/marinemorel.com\/index.php\/me-contacter-ou-prendre-rv\/\">RV et contacts<\/a><\/p>\n\n\n\n<p class=\"has-tertiary-background-color has-background has-x-large-font-size\"><a href=\"http:\/\/marinemorel.com\">Ce que je propose<\/a><\/p>\n","protected":false},"excerpt":{"rendered":"<p>cr\u00e9dit photo Alexandre Lamy C&rsquo;est une phrase que j&rsquo;ai entendue pendant mes \u00e9tudes de chiropracteure et qui m&rsquo;a marqu\u00e9e. C&rsquo;est le mouvement dans une articulation qui la nourrit. Le mouvement des poumons, du coeur, de tous les organes qui fonctionnent de mani\u00e8re autonome les uns avec les autres avec cette symbiose des cellules entre elles: [&hellip;]<\/p>\n","protected":false},"author":1,"featured_media":0,"parent":0,"menu_order":0,"comment_status":"closed","ping_status":"closed","template":"","meta":{"footnotes":""},"class_list":["post-128","page","type-page","status-publish","hentry"],"_links":{"self":[{"href":"https:\/\/marinemorel.com\/index.php\/wp-json\/wp\/v2\/pages\/128","targetHints":{"allow":["GET"]}}],"collection":[{"href":"https:\/\/marinemorel.com\/index.php\/wp-json\/wp\/v2\/pages"}],"about":[{"href":"https:\/\/marinemorel.com\/index.php\/wp-json\/wp\/v2\/types\/page"}],"author":[{"embeddable":true,"href":"https:\/\/marinemorel.com\/index.php\/wp-json\/wp\/v2\/users\/1"}],"replies":[{"embeddable":true,"href":"https:\/\/marinemorel.com\/index.php\/wp-json\/wp\/v2\/comments?post=128"}],"version-history":[{"count":6,"href":"https:\/\/marinemorel.com\/index.php\/wp-json\/wp\/v2\/pages\/128\/revisions"}],"predecessor-version":[{"id":281,"href":"https:\/\/marinemorel.com\/index.php\/wp-json\/wp\/v2\/pages\/128\/revisions\/281"}],"wp:attachment":[{"href":"https:\/\/marinemorel.com\/index.php\/wp-json\/wp\/v2\/media?parent=128"}],"curies":[{"name":"wp","href":"https:\/\/api.w.org\/{rel}","templated":true}]}}